et y be g(n). Suppose 0*a - y*a = -190. What is the tens digit of a?
3
Let l = 16 - -173. Suppose 3*x - l = 12*x. What is the tens digit of 6/x - ((-512)/7)/4?
1
Suppose 8*r - 1621 = 44435. Let t be r/38*2/(-3). Let f = 190 + t. What is the tens digit of f?
8
Let r be ((-1602)/8)/(-4 - (-119)/28). Let u = 1358 + r. What is the hundreds digit of u?
5
Suppose -3*a - 190 + 184 = 0. Let k(r) = -33*r**3 + 2*r**2 + 3*r + 3. What is the tens digit of k(a)?
6
Let w(y) = -10*y**3 - 4*y**2 - 12*y - 17. What is the tens digit of w(-2)?
7
Let z(s) = s**2 - 2*s - 20. Let n be z(6). Suppose 0 = j + n*j + 5. Let w(k) = -20*k + 4. What is the units digit of w(j)?
4
Let j(m) = 487*m - 450. What is the thousands digit of j(19)?
8
What is the thousands digit of 28335800/325 - (-9)/(-117)?
7
Let c(x) = x**2 - 2*x - 12. Let g be c(6). Suppose -3*f = -4*p + 82, f + 18 + g = 2*p. What is the units digit of (-2380)/f + 32/(-176)?
8
Suppose -26600 = 20*h - 133540. What is the hundreds digit of h?
3
Suppose 3*n = -0*n + 27. Suppose -n + 4 = -5*f. What is the units digit of (-2*9/24 - f)*-4?
7
Suppose -5*l = -5*c - 5780, -400*l + 404*l + c - 4629 = 0. What is the tens digit of l?
5
Suppose 0 = -23*k + 21*k - 70. Let u = -33 - k. Suppose -2*f + 189 = -5*o, u*o + 2*o + 102 = f. What is the tens digit of f?
8
Suppose 8*s + 21883 = 9*s - 3671. What is the hundreds digit of s?
5
Let v(i) = -6*i**3 + 4*i**2 + 2*i + 1. Let m be v(4). Let b = 365 - m. What is the hundreds digit of b?
6
Let k(u) = 743*u**2 + 3*u. Let o be k(1). Suppose o*a - 1032 = 743*a. What is the tens digit of a?
4
Suppose -67*w + 97*w - 1033290 = 0. What is the units digit of w?
3
What is the tens digit of (86/(-5) - -1)/((-2884)/2004380)?
5
Let p(n) = -n**2 - 42*n - 49. Let r(b) = b**2 - 3*b - 22. Let v be r(0). What is the hundreds digit of p(v)?
3
Let q = -543 + 547. Let i be ((-5)/(-10))/(1/12). Suppose 4*p - 507 = -5*v, v - 93 = -q*p + i*p. What is the tens digit of v?
9
Let j be 8/28 + 3501/21. Let x = j - 42. Let d = x - -20. What is the tens digit of d?
4
Suppose y = 2*x + 4*y - 1528, -5*x + 3815 = 5*y. Let i = x + 958. What is the tens digit of i?
1
Suppose -51644 - 93340 = -5*v + 4*r, v - 29004 = -r. Suppose 33*q - 1162 - v = 0. What is the hundreds digit of q?
9
Let j = 8469 + -6460. What is the hundreds digit of j?
0
Suppose 0 = 3*t - 18*w + 16*w - 29526, 3*t = -5*w + 29505. What is the hundreds digit of t?
8
Suppose 0 = -5*k + 28 + 22. Let x be (151 - 1) + (k - 13). Suppose -4*m + 241 = -x. What is the units digit of m?
7
Let t be -2 + 45/25 + 14/(-5). What is the units digit of (-2)/t - ((-16)/3 - 6)?
2
Let x(z) = -19*z**2 + 6*z - 2. Let m(k) = -19*k**2 + 6*k - 3. Let r(l) = 4*m(l) - 5*x(l). What is the tens digit of r(-4)?
2
Let v = -45 - -45. Let n be -3 - (v + 1 + 2 + -2). What is the units digit of n/(-2) + 182/1?
4
Suppose 577 = -24*w - 8087. Let o = -227 - w. What is the tens digit of o?
3
Suppose -14*s - 9*s + 40*s - 14093 = 0. What is the hundreds digit of s?
8
Suppose 0 = 107*u - 94*u - 23985. Let g = u + -656. What is the thousands digit of g?
1
Suppose 6202 + 5987 = -3*s. Let y = -2754 - s. Suppose 9*b = 5*b - 5*v + 1039, -4*v - y = -5*b. What is the units digit of b?
1
Suppose -2*v = -4*v - 6, 3*v - 1 = -5*f. Suppose -f = z + 4*i, 0*z + 8 = -z + 2*i. What is the units digit of 2340/54*z/(-4)?
5
Let i(r) be the first derivative of -7/2*r**2 - 23 + r**3 + 8*r. What is the units digit of i(-4)?
4
Suppose -4*d + 16 = -4. Suppose 2*u - 69 = -5*k + 632, -5*k + 715 = -d*u. What is the tens digit of k?
4
Let l be (2 + -1)/(9/396*11). What is the hundreds digit of -8*(-51 + -4 - l)?
4
Let r(b) be the second derivative of 13*b**4/6 - 9*b**3/2 - 4*b**2 + 282*b. What is the units digit of r(-6)?
0
Suppose -25*n + 51122 = 5872. What is the hundreds digit of n?
8
Suppose 2*k + 684 = -3*p, -k = 5*p + 100 + 235. Let z = k + 373. What is the units digit of z?
8
Suppose -4 = -4*s, -9 = -o - 3*s - 4. What is the units digit of ((-8)/o + 3)*1570/(-2)?
5
Let m = 25082 + -17127. What is the tens digit of m?
5
Let n(t) = -t**2 + 15*t - 55. Let s be n(17). Let y = 86 + s. What is the tens digit of 2 - (7 + y) - -60?
5
Let n be (-21)/14*56/18*12. Let a be 1514/7 - (-16)/n. Let h = a + -107. What is the hundreds digit of h?
1
Let r = -25266 + 38223. What is the ten thousands digit of r?
1
Let l = 14 - -6. Let g = l - 12. What is the units digit of 261/36 - (-6)/g?
8
Suppose 18 = -8*l + 194. Suppose -4*j = -5*o + 3967, -2*j - 18 + l = 0. What is the units digit of o?
5
Suppose -f + 75 = -6*f. Suppose -4*p - 15*p + 798 = 0. Let a = f + p. What is the tens digit of a?
2
Let s = 200 + -194. What is the hundreds digit of (-477)/s*((-74)/6 + 5)?
5
Let o be 2*(-5)/((-10)/(-9)). Let k(c) be the second derivative of c**4/12 + 2*c**3/3 + 9*c**2/2 - 12*c. What is the tens digit of k(o)?
5
Let r(z) = 90*z**2 - 8*z + 50. What is the hundreds digit of r(5)?
2
Let q(l) = -l**3 - 41*l**2 - 3*l - 386. What is the hundreds digit of q(-44)?
5
What is the thousands digit of (-1 - (-91408)/(-28))*(-25 - -18)?
2
Let o(x) = -2*x + 16. Let u be o(6). Suppose -9*v - 292 = -3*c - 8*v, -u*c + 387 = v. What is the tens digit of (26 + -22)*(0 + c/2)?
9
Let y(p) = 62*p**2 + 47*p + 661. What is the units digit of y(-17)?
0
Let d(i) be the first derivative of i - 11 - 10 + 4*i**2 - 5*i + i**2. What is the hundreds digit of d(14)?
1
Let n be (-12)/(-10)*(-520)/(-16). Suppose -5*w + n - 14 = 0. Suppose -3*j + 37 = -2*v, -w = -v - 4*v. What is the units digit of j?
3
Suppose -93*s - 54597 = -5*z - 96*s, -3*s = -z + 10941. What is the units digit of z?
3
What is the tens digit of 7/(196/636153) - 1 - 1/(-4)?
1
Suppose -2*t - 19 = -a - 5*t, 0 = 2*a + t - 63. Suppose -b = p - a, 118 = 4*p - p - b. What is the units digit of p?
8
Let v = 78169 + 15891. What is the hundreds digit of v?
0
Let o(u) = -u**3 - 7*u**2 - 9*u - 13. Let r be o(-9). Suppose 12*d = 7*d + r. Let g = d + -34. What is the units digit of g?
2
Let t(u) = 2*u**2 - 5*u - 79. Let z be t(8). Suppose z*w - 6060 = -3*w. What is the units digit of w?
5
Suppose -n = -2*x + 161 - 586, 3*x - 1284 = -3*n. What is the units digit of n?
7
Let k(x) = -202*x + 508. What is the thousands digit of k(-106)?
1
Suppose 7 = -l - 2*y - 4, 19 = -2*l - 3*y. Let a be ((-48)/15 + 4)/((-1)/l). Suppose -355 = a*h - 9*h. What is the tens digit of h?
7
Suppose -6*h = -20*h - 266. What is the tens digit of 8/12 - 17/3 - h?
1
Suppose u - 36150 = -5*b, -112*u + 108365 = -109*u - 2*b. What is the tens digit of u?
2
Let n(m) = -m**3 + 12*m**2 + 29*m + 20. Let l be 3*(-28)/12*-2. What is the units digit of n(l)?
4
Let q(h) = 9*h**3 - 14*h**2 - 48*h + 15. What is the hundreds digit of q(9)?
0
Suppose 293*j - 291*j = 1070. Suppose 5*x = 5*h - 580 - j, -3*x + 12 = 0. What is the hundreds digit of h?
2
Let h = -647 + 649. Suppose 5*s + h*a = 724, -s + 99 = -3*a - 39. What is the units digit of s?
4
Let j(o) = 3*o + 194*o - 23*o - 119. What is the tens digit of j(7)?
9
Let w(j) = -37*j**3 + 35*j**2 + 44*j + 22. What is the hundreds digit of w(-7)?
1
Suppose -p - 15 = -10, 0 = 2*m + 4*p + 30. What is the hundreds digit of (-572)/(3*((-188)/36 - m))?
8
Suppose -5*i - 18570 = -166*r + 164*r, 5*r - i - 46494 = 0. What is the units digit of r?
0
Let j(w) = 141*w**3 - w**2 + 2*w - 3. Let o be j(2). Let f = -527 + o. What is the hundreds digit of f?
5
Let c = -223 + 444. Let b = 1225 - c. What is the tens digit of b?
0
Let l(m) = 27*m**2 + 86*m + 1828. What is the tens digit of l(-19)?
4
Let u be (78/12 - 6)/(2/(-8)). What is the tens digit of (-67963)/(-209) - u/(-11)?
2
What is the tens digit of (-2 + 3)*(63612 - 73)?
3
Let n = -485 - -559. Let w = n + 9. What is the tens digit of w?
8
Let w be (30/40)/((-2)/16). Let x(j) = -76*j - 70. What is the tens digit of x(w)?
8
What is the hundreds digit of 17724 - (21 + 3*(-10)/3)?
7
Let z(i) = 2*i**3 + 6*i**2 - 4*i - 2. Let c be z(-3). Let p(d) = 2 - 10*d**2 + 11*d**2 + c + 20*d**2. What is the tens digit of p(3)?
0
Let h(o) = 1090*o**3 + 11*o**2 - 17*o + 42. Let q(x) = -363*x**3 - 4*x**2 + 6*x - 15. Let y(w) = 4*h(w) + 11*q(w). What is the tens digit of y(1)?
6
Suppose 11*o = 19*o - 40. Suppose 2*x - 4*x + o*b = -389, 3*b = -5*x + 957. What is the hundreds digit of x?
1
Let